{"id":28,"date":"2014-05-07T19:04:38","date_gmt":"2014-05-07T17:04:38","guid":{"rendered":"http:\/\/www.rainer-elsner.de\/?page_id=28"},"modified":"2025-10-04T09:37:05","modified_gmt":"2025-10-04T07:37:05","slug":"referenzen","status":"publish","type":"page","link":"https:\/\/www.rainer-elsner.de\/?page_id=28","title":{"rendered":"Potentiale"},"content":{"rendered":"<p>Mehr beruflich ausgerichtet liste ich auf dieser Seite exemplarisch<\/p>\n<h2>meine Erfahrungen, Kenntnisse und F\u00e4higkeiten<\/h2>\n<p>fachlich und thematisch gegliedert und alphabetisch sortiert auf:<\/p>\n<h3>Arbeitsschutz und Gesundheitsschutz<\/h3>\n<ul>\n<li>Ausbildungsstufe 3 der Fachkraft f\u00fcr Arbeitssicherheit f\u00fcr den \u00f6ffentlichen Dienst (GUVH \/ LUKN)<\/li>\n<li>Fortbildung zum Gefahrstofbeauftragten bei der IAG in Dresden<\/li>\n<li>Seit Juni 2022 Sicherheitsingenieur \/ Fachkraft f\u00fcr Arbeitssicherheit f\u00fcr \u00f6ffentliche Schulen und Studienseminare<\/li>\n<li>Mehr als sieben Jahre T\u00e4tigkeit als Sicherheitsingenieur \/ Fachkraft f\u00fcr Arbeitssicherheit im Bereich Gesundheitsdienst und Wohlfahrtspflege mit Betreuung von Bereichen der\n<ul>\n<li>Behindertenhilfe<\/li>\n<li>der Pflege<\/li>\n<li>des Rettungsdienstes<\/li>\n<li>der Gastronomie<\/li>\n<li>der Industriefertigung<\/li>\n<li>der Werkstattt\u00e4tigkeit<\/li>\n<li>des Handwerks<\/li>\n<li>der Verwaltung<\/li>\n<li>des Ehrenamtes<\/li>\n<\/ul>\n<\/li>\n<li>Ausbildung zum Brandschutzbeauftragten an der DEKRA-Akademie Braunschweig<\/li>\n<li>Ausbildungsstufe 3 der Fachkraft f\u00fcr Arbeitssicherheit f\u00fcr die BGW und die UVB<\/li>\n<li>Ausbildung zur Fachkraft f\u00fcr Arbeitssicherheit an der BGW-Akademie in Dresden (berufsbegleitend)<\/li>\n<li>Lehrg\u00e4nge und Seminare zum Thema Arbeitssicherheit im Studium und sp\u00e4ter berufsbegleitend (BG ETEM)<\/li>\n<\/ul>\n<h3>Bauwirtschaft<\/h3>\n<ul>\n<li>f\u00fcnf Jahre B\u00fcrgermitglied in einem Ratsausschuss f\u00fcr Bau, Stadtentwicklung und Umwelt<\/li>\n<li>Etwa vier Jahre t\u00e4tig als Gr\u00fcnder und Gesch\u00e4ftsf\u00fchrer eines Unternehmens im Bereich erneuerbarer Energien zur Einbindung in den Garten- und Landschaftsbau<\/li>\n<li>W\u00e4hrend des Studiums T\u00e4tigkeit als LKW-Fahrer im Bereich Transportbeton<\/li>\n<\/ul>\n<h3>Bildungsarbeit<\/h3>\n<ul>\n<li>Betreuung von \u00f6ffentlichen Schulen und Studienseminaren als Sicherheitsingenieur inkl. Lehrkr\u00e4ftefortbildung im Arbeitsschutz<\/li>\n<li>Bildungsreferent in einem Umweltinstitut mit dem Schwerpunkt Energieeffizienz<\/li>\n<li>Dozent in der Erwachsenenbildung zu den Themen Arbeit, EDV und Umweltschutz<\/li>\n<\/ul>\n<h3>F\u00fchrungsverantwortung \/ Betriebsf\u00fchrung<\/h3>\n<ul>\n<li>Gruppenf\u00fchrer im Katastrophenschutz<\/li>\n<li>etwa eineinhalb Jahre Teamleiter eines 24\/7-Hausnotrufteams (Einsatzkr\u00e4fte, Techniker, Kundenservice u. Verwaltung)<\/li>\n<li>mehrere Jahre Prokurist eines Inklusionsunternehmens f\u00fcr technische Dienstleistungen und Lohnfertigung<\/li>\n<li>etwa vier Jahre t\u00e4tig als Gr\u00fcnder und Gesch\u00e4ftsf\u00fchrer eines Unternehmens im Bereich erneuerbarer Energien zur Einbindung in den Garten- und Landschaftsbau<\/li>\n<li>stelvertretender Gesch\u00e4ftsf\u00fchrer in einem IT-Unternehmen<\/li>\n<li>Ausbildung zum Reserveoffizier in der Instandsetzungstruppe der Bundeswehr und T\u00e4tigkeit in der Instandsetzungsf\u00fchrung<\/li>\n<\/ul>\n<h3>Gesundheitsdienst und Behindertenhilfe<\/h3>\n<ul>\n<li>Prokurist in einem Inklusionsunternehmen f\u00fcr technische Dienstleistungen<\/li>\n<li>Teamleiter Hausnotruf<\/li>\n<li>Betreuung von Einrichtungen des Gesundheitsdienstes als Sicherheitsingenieur<\/li>\n<li>Betreuung von Einrichtungen der Behindertenhilfe als Sicherheitsingenieur<\/li>\n<li>Ehrenamtliche T\u00e4tigkeit im erweiterten Rettungsdienst<\/li>\n<\/ul>\n<h3>Industrie<\/h3>\n<ul>\n<li>Prokurist in einem technischen Dienstleistungsunternehmen mit einer Lohnfertigung f\u00fcr die Automobilindustrie<\/li>\n<\/ul>\n<h3>Klimaschutz und Umweltschutz<\/h3>\n<ul>\n<li>Bildungsreferent in einem Umweltinstitut mit dem Schwerpunkt Energieeffizienz<\/li>\n<li>Organisation und Betreuung eines Energieaudits nach EDL-G<\/li>\n<li>Ansprechpartner f\u00fcr Fragen der Liegenschaftsverwaltung und der Energieversorgung<\/li>\n<li>Etwa vier Jahre t\u00e4tig als Gr\u00fcnder und Gesch\u00e4ftsf\u00fchrer eines Unternehmens im Bereich erneuerbarer Energien zur Einbindung in den Garten- und Landschaftsbau<\/li>\n<li>Ausarbeitung eines ersten Umwelt- und Klimaschutzkonzeptes f\u00fcr einen Sportverein mit eigenen Liegenschaften<\/li>\n<li>Organisation und Betreuung einer \u00f6ffentlich gef\u00f6rderten Energieberatung f\u00fcr eine Sportverein mit eigenen Liegenschaften<\/li>\n<li>Fachbeitr\u00e4ge u. a. zu den Themen Windenergie und Energetisches Quartierskonzept als B\u00fcrgermitglied f\u00fcr eine Ratsfraktion bzw. einen Ratsausschuss<\/li>\n<li>F\u00fcnf Jahre B\u00fcrgermitglied in einem Ratsausschuss f\u00fcr Bau, Stadtentwicklung und Umwelt<\/li>\n<li>Dozent in der Erwachsenenbildung zum Thema Umweltschutz<\/li>\n<li>Etwa zwei Jahre Organisations-, Vortrags- und Verwaltungst\u00e4tigkeiten f\u00fcr einen regionalen Umweltverband mit dem Schwerpunkt Energieversorgung<\/li>\n<li>Interdisziplin\u00e4re Diplomarbeit zum Thema &#8222;\u00d6kologie in Forschung und Lehre&#8220; (siehe Texte)<\/li>\n<li>Studium der Umwelt- und Hygienetechnik an der Fachhochschule Braunschweig\/Wolfenb\u00fcttel<\/li>\n<\/ul>\n<h3>Projekte<\/h3>\n<ul>\n<li>Planung und Durchf\u00fchrung von Vortragsveranstaltungen<\/li>\n<li>Unterst\u00fctzung der Bev\u00f6lkerung zur Abmilderung von Hochwassersch\u00e4den<\/li>\n<li>Planung und Durchf\u00fchrung des Baus von Grillpl\u00e4tzen und eines Spielplatzes f\u00fcr eine soziale Einrichtung<\/li>\n<li>H\u00fcttenwart einer Skih\u00fctte im Harz mit Organisation von Arbeitsdienstwochenenden<\/li>\n<li>Planung und Durchf\u00fchrung einer Vertriebsveranstaltung mit G\u00e4sten aus Politik und Wirtschaft<\/li>\n<li>Planung und Durchf\u00fchrung von EDV-Kursen<\/li>\n<li>Planung und Organisation (im Team) von mehreren Gro\u00dfdemonstrationen<\/li>\n<\/ul>\n<h3>Qualit\u00e4tsmanagement<\/h3>\n<ul>\n<li>Vorbereitung von Auditierungsverfahren<\/li>\n<li>Mitarbeit im Qualit\u00e4tsmanagement<\/li>\n<li>Integration von Arbeitsschutzprozessen in ein bestehendes Managementsystem<\/li>\n<\/ul>\n<h3>Texte<\/h3>\n<ul>\n<li>Verfasser verschiedener Fachtexte f\u00fcr die betriebsinterne Verwendung<\/li>\n<li>Redakteur und Herausgeber des Internetmagazins (Blog) <a href=\"https:\/\/www.ostfalen-spiegel.de\/\" target=\"_blank\" rel=\"noopener noreferrer\"><em>Ostfalen-Spiegel<\/em><\/a><\/li>\n<li>Etwa zwei Jahre selbstst\u00e4ndig mit einem Text- und Layoutservice mit dem Schwerpunkt Betreuung von Abschlussarbeiten<\/li>\n<li>Presse- und \u00d6ffentlichkeitsarbeit f\u00fcr einen AStA, eine Hochschule, einen Umweltverband sowie mein eigenes Unternehmen<\/li>\n<li>Ver\u00f6ffentlichung meiner Diplomarbeit in der Hochschulreihe der Fachhochschule Braunschweig\/Wolfenb\u00fcttel: Elsner, Rainer: <a href=\"http:\/\/www.ostfalen-spiegel.de\/2010\/okologie-in-lehre-und-forschung\/\" target=\"_blank\" rel=\"noopener noreferrer\"><em>\u00d6kologie in Lehre und Forschung.<\/em><\/a> Hochschulreihe Band X. Wolfenb\u00fcttel: Fachhochschule Braunschweig\/Wolfenb\u00fcttel, 1994<\/li>\n<li>Etwa drei Jahre Redakteur und Mitherausgeber von studentischen Hochschulzeitungen (FACHBLATT, FH Braunschweig\/ Wolfenb\u00fcttel)<\/li>\n<\/ul>\n<h3>Vertrieb<\/h3>\n<ul>\n<li>Prokurist in einem technischen Dienstleistungsunternehmen f\u00fcr Industrie und Gewerbe<\/li>\n<li>Gr\u00fcnder und Gesch\u00e4ftsf\u00fchrer eines Unternehmens im Bereich erneuerbarer Energien zur Einbindung in den Garten- und Landschaftsbau<\/li>\n<li>Vertriebsmanager in einem IT-Unternehmen u. a. mit der Betreuung von Gesch\u00e4ftskunden aus Handwerk, Industrie, Hochschulen und Gro\u00dfforschungseinrichtungen<\/li>\n<li>T\u00e4tigkeit als Verk\u00e4ufer im Einzelhandel als Studentenjob<\/li>\n<\/ul>\n<h3>Verwaltung<\/h3>\n<ul>\n<li>Wahrnehmung von Verwaltungst\u00e4tigkeiten in fast allen beruflichen Positionen<\/li>\n<li>F\u00fcnf Jahre B\u00fcrgermitglied in einem Ratsausschuss<\/li>\n<li>Etwa zwei Jahre T\u00e4tigkeit als Finanzreferent im AStA der Fachhochschule Braunschweig\/Wolfenb\u00fcttel (daf\u00fcr mussten Vorschriften des Landes Niedersachsen beachtet werden)<\/li>\n<li>Ausbildung zum Reserveoffizier in der Instandsetzungstruppe der Bundeswehr und T\u00e4tigkeit in der Instandsetzungsf\u00fchrung<\/li>\n<\/ul>\n<h3>Weitere F\u00e4higkeiten und Erfahrungen<\/h3>\n<ul>\n<li>Ausbildung und T\u00e4tigkeit als Gruppenf\u00fchrer im Katastrophenschutz<\/li>\n<li>Ausbildung zum Kriseninterventionshelfer (Psychosoziale Notfall\u00adversorgung f\u00fcr Betroffene)<\/li>\n<li>Ausbildung zum kollegialen Ansprechpartner (SbE-Peer, Psychosoziale Notfall\u00adversorgung f\u00fcr Einsatzkr\u00e4fte)<\/li>\n<li>Einige Semester Studium der Soziologie, Politikwissenschaft und Philosophie an der TU Braunschweig<\/li>\n<li>Ausbilder zum IT-Systemkaufmann<\/li>\n<\/ul>\n\n\n<p><\/p>\n","protected":false},"excerpt":{"rendered":"<p>Mehr beruflich ausgerichtet liste ich auf dieser Seite exemplarisch meine Erfahrungen, Kenntnisse und F\u00e4higkeiten fachlich und thematisch gegliedert und alphabetisch sortiert auf: Arbeitsschutz und Gesundheitsschutz Ausbildungsstufe 3 der Fachkraft f\u00fcr Arbeitssicherheit f\u00fcr den \u00f6ffentlichen Dienst (GUVH \/ LUKN) Fortbildung zum Gefahrstofbeauftragten bei der IAG in Dresden Seit Juni 2022 Sicherheitsingenieur \/ Fachkraft f\u00fcr Arbeitssicherheit f\u00fcr \u00f6ffentliche Schulen und Studienseminare Mehr als sieben Jahre T\u00e4tigkeit als Sicherheitsingenieur \/ Fachkraft f\u00fcr Arbeitssicherheit im Bereich Gesundheitsdienst und Wohlfahrtspflege mit Betreuung von Bereichen der Behindertenhilfe der Pflege des Rettungsdienstes der Gastronomie der Industriefertigung der Werkstattt\u00e4tigkeit des Handwerks der Verwaltung des Ehrenamtes Ausbildung zum Brandschutzbeauftragten<\/p>\n<a class=\"more-link\" rel=\"nofollow\" href=\"https:\/\/www.rainer-elsner.de\/?page_id=28\">[mehr lesen...]<\/a>","protected":false},"author":2,"featured_media":0,"parent":0,"menu_order":1,"comment_status":"closed","ping_status":"closed","template":"","meta":{"footnotes":""},"class_list":["post-28","page","type-page","status-publish","hentry"],"_links":{"self":[{"href":"https:\/\/www.rainer-elsner.de\/index.php?rest_route=\/wp\/v2\/pages\/28","targetHints":{"allow":["GET"]}}],"collection":[{"href":"https:\/\/www.rainer-elsner.de\/index.php?rest_route=\/wp\/v2\/pages"}],"about":[{"href":"https:\/\/www.rainer-elsner.de\/index.php?rest_route=\/wp\/v2\/types\/page"}],"author":[{"embeddable":true,"href":"https:\/\/www.rainer-elsner.de\/index.php?rest_route=\/wp\/v2\/users\/2"}],"replies":[{"embeddable":true,"href":"https:\/\/www.rainer-elsner.de\/index.php?rest_route=%2Fwp%2Fv2%2Fcomments&post=28"}],"version-history":[{"count":51,"href":"https:\/\/www.rainer-elsner.de\/index.php?rest_route=\/wp\/v2\/pages\/28\/revisions"}],"predecessor-version":[{"id":577,"href":"https:\/\/www.rainer-elsner.de\/index.php?rest_route=\/wp\/v2\/pages\/28\/revisions\/577"}],"wp:attachment":[{"href":"https:\/\/www.rainer-elsner.de\/index.php?rest_route=%2Fwp%2Fv2%2Fmedia&parent=28"}],"curies":[{"name":"wp","href":"https:\/\/api.w.org\/{rel}","templated":true}]}}

<p>Mehr beruflich ausgerichtet liste ich auf dieser Seite exemplarisch</p>
<h2>meine Erfahrungen, Kenntnisse und Fähigkeiten</h2>
<p>fachlich und thematisch gegliedert und alphabetisch sortiert auf:</p>
<h3>Arbeitsschutz und Gesundheitsschutz</h3>
<ul>
<li>Ausbildungsstufe 3 der Fachkraft für Arbeitssicherheit für den öffentlichen Dienst (GUVH / LUKN)</li>
<li>Fortbildung zum Gefahrstofbeauftragten bei der IAG in Dresden</li>
<li>Seit Juni 2022 Sicherheitsingenieur / Fachkraft für Arbeitssicherheit für öffentliche Schulen und Studienseminare</li>
<li>Mehr als sieben Jahre Tätigkeit als Sicherheitsingenieur / Fachkraft für Arbeitssicherheit im Bereich Gesundheitsdienst und Wohlfahrtspflege mit Betreuung von Bereichen der
<ul>
<li>Behindertenhilfe</li>
<li>der Pflege</li>
<li>des Rettungsdienstes</li>
<li>der Gastronomie</li>
<li>der Industriefertigung</li>
<li>der Werkstatttätigkeit</li>
<li>des Handwerks</li>
<li>der Verwaltung</li>
<li>des Ehrenamtes</li>
</ul>
</li>
<li>Ausbildung zum Brandschutzbeauftragten an der DEKRA-Akademie Braunschweig</li>
<li>Ausbildungsstufe 3 der Fachkraft für Arbeitssicherheit für die BGW und die UVB</li>
<li>Ausbildung zur Fachkraft für Arbeitssicherheit an der BGW-Akademie in Dresden (berufsbegleitend)</li>
<li>Lehrgänge und Seminare zum Thema Arbeitssicherheit im Studium und später berufsbegleitend (BG ETEM)</li>
</ul>
<h3>Bauwirtschaft</h3>
<ul>
<li>fünf Jahre Bürgermitglied in einem Ratsausschuss für Bau, Stadtentwicklung und Umwelt</li>
<li>Etwa vier Jahre tätig als Gründer und Geschäftsführer eines Unternehmens im Bereich erneuerbarer Energien zur Einbindung in den Garten- und Landschaftsbau</li>
<li>Während des Studiums Tätigkeit als LKW-Fahrer im Bereich Transportbeton</li>
</ul>
<h3>Bildungsarbeit</h3>
<ul>
<li>Betreuung von öffentlichen Schulen und Studienseminaren als Sicherheitsingenieur inkl. Lehrkräftefortbildung im Arbeitsschutz</li>
<li>Bildungsreferent in einem Umweltinstitut mit dem Schwerpunkt Energieeffizienz</li>
<li>Dozent in der Erwachsenenbildung zu den Themen Arbeit, EDV und Umweltschutz</li>
</ul>
<h3>Führungsverantwortung / Betriebsführung</h3>
<ul>
<li>Gruppenführer im Katastrophenschutz</li>
<li>etwa eineinhalb Jahre Teamleiter eines 24/7-Hausnotrufteams (Einsatzkräfte, Techniker, Kundenservice u. Verwaltung)</li>
<li>mehrere Jahre Prokurist eines Inklusionsunternehmens für technische Dienstleistungen und Lohnfertigung</li>
<li>etwa vier Jahre tätig als Gründer und Geschäftsführer eines Unternehmens im Bereich erneuerbarer Energien zur Einbindung in den Garten- und Landschaftsbau</li>
<li>stelvertretender Geschäftsführer in einem IT-Unternehmen</li>
<li>Ausbildung zum Reserveoffizier in der Instandsetzungstruppe der Bundeswehr und Tätigkeit in der Instandsetzungsführung</li>
</ul>
<h3>Gesundheitsdienst und Behindertenhilfe</h3>
<ul>
<li>Prokurist in einem Inklusionsunternehmen für technische Dienstleistungen</li>
<li>Teamleiter Hausnotruf</li>
<li>Betreuung von Einrichtungen des Gesundheitsdienstes als Sicherheitsingenieur</li>
<li>Betreuung von Einrichtungen der Behindertenhilfe als Sicherheitsingenieur</li>
<li>Ehrenamtliche Tätigkeit im erweiterten Rettungsdienst</li>
</ul>
<h3>Industrie</h3>
<ul>
<li>Prokurist in einem technischen Dienstleistungsunternehmen mit einer Lohnfertigung für die Automobilindustrie</li>
</ul>
<h3>Klimaschutz und Umweltschutz</h3>
<ul>
<li>Bildungsreferent in einem Umweltinstitut mit dem Schwerpunkt Energieeffizienz</li>
<li>Organisation und Betreuung eines Energieaudits nach EDL-G</li>
<li>Ansprechpartner für Fragen der Liegenschaftsverwaltung und der Energieversorgung</li>
<li>Etwa vier Jahre tätig als Gründer und Geschäftsführer eines Unternehmens im Bereich erneuerbarer Energien zur Einbindung in den Garten- und Landschaftsbau</li>
<li>Ausarbeitung eines ersten Umwelt- und Klimaschutzkonzeptes für einen Sportverein mit eigenen Liegenschaften</li>
<li>Organisation und Betreuung einer öffentlich geförderten Energieberatung für eine Sportverein mit eigenen Liegenschaften</li>
<li>Fachbeiträge u. a. zu den Themen Windenergie und Energetisches Quartierskonzept als Bürgermitglied für eine Ratsfraktion bzw. einen Ratsausschuss</li>
<li>Fünf Jahre Bürgermitglied in einem Ratsausschuss für Bau, Stadtentwicklung und Umwelt</li>
<li>Dozent in der Erwachsenenbildung zum Thema Umweltschutz</li>
<li>Etwa zwei Jahre Organisations-, Vortrags- und Verwaltungstätigkeiten für einen regionalen Umweltverband mit dem Schwerpunkt Energieversorgung</li>
<li>Interdisziplinäre Diplomarbeit zum Thema &#8222;Ökologie in Forschung und Lehre&#8220; (siehe Texte)</li>
<li>Studium der Umwelt- und Hygienetechnik an der Fachhochschule Braunschweig/Wolfenbüttel</li>
</ul>
<h3>Projekte</h3>
<ul>
<li>Planung und Durchführung von Vortragsveranstaltungen</li>
<li>Unterstützung der Bevölkerung zur Abmilderung von Hochwasserschäden</li>
<li>Planung und Durchführung des Baus von Grillplätzen und eines Spielplatzes für eine soziale Einrichtung</li>
<li>Hüttenwart einer Skihütte im Harz mit Organisation von Arbeitsdienstwochenenden</li>
<li>Planung und Durchführung einer Vertriebsveranstaltung mit Gästen aus Politik und Wirtschaft</li>
<li>Planung und Durchführung von EDV-Kursen</li>
<li>Planung und Organisation (im Team) von mehreren Großdemonstrationen</li>
</ul>
<h3>Qualitätsmanagement</h3>
<ul>
<li>Vorbereitung von Auditierungsverfahren</li>
<li>Mitarbeit im Qualitätsmanagement</li>
<li>Integration von Arbeitsschutzprozessen in ein bestehendes Managementsystem</li>
</ul>
<h3>Texte</h3>
<ul>
<li>Verfasser verschiedener Fachtexte für die betriebsinterne Verwendung</li>
<li>Redakteur und Herausgeber des Internetmagazins (Blog) <a href="https://www.ostfalen-spiegel.de/" target="_blank" rel="noopener noreferrer"><em>Ostfalen-Spiegel</em></a></li>
<li>Etwa zwei Jahre selbstständig mit einem Text- und Layoutservice mit dem Schwerpunkt Betreuung von Abschlussarbeiten</li>
<li>Presse- und Öffentlichkeitsarbeit für einen AStA, eine Hochschule, einen Umweltverband sowie mein eigenes Unternehmen</li>
<li>Veröffentlichung meiner Diplomarbeit in der Hochschulreihe der Fachhochschule Braunschweig/Wolfenbüttel: Elsner, Rainer: <a href="http://www.ostfalen-spiegel.de/2010/okologie-in-lehre-und-forschung/" target="_blank" rel="noopener noreferrer"><em>Ökologie in Lehre und Forschung.</em></a> Hochschulreihe Band X. Wolfenbüttel: Fachhochschule Braunschweig/Wolfenbüttel, 1994</li>
<li>Etwa drei Jahre Redakteur und Mitherausgeber von studentischen Hochschulzeitungen (FACHBLATT, FH Braunschweig/ Wolfenbüttel)</li>
</ul>
<h3>Vertrieb</h3>
<ul>
<li>Prokurist in einem technischen Dienstleistungsunternehmen für Industrie und Gewerbe</li>
<li>Gründer und Geschäftsführer eines Unternehmens im Bereich erneuerbarer Energien zur Einbindung in den Garten- und Landschaftsbau</li>
<li>Vertriebsmanager in einem IT-Unternehmen u. a. mit der Betreuung von Geschäftskunden aus Handwerk, Industrie, Hochschulen und Großforschungseinrichtungen</li>
<li>Tätigkeit als Verkäufer im Einzelhandel als Studentenjob</li>
</ul>
<h3>Verwaltung</h3>
<ul>
<li>Wahrnehmung von Verwaltungstätigkeiten in fast allen beruflichen Positionen</li>
<li>Fünf Jahre Bürgermitglied in einem Ratsausschuss</li>
<li>Etwa zwei Jahre Tätigkeit als Finanzreferent im AStA der Fachhochschule Braunschweig/Wolfenbüttel (dafür mussten Vorschriften des Landes Niedersachsen beachtet werden)</li>
<li>Ausbildung zum Reserveoffizier in der Instandsetzungstruppe der Bundeswehr und Tätigkeit in der Instandsetzungsführung</li>
</ul>
<h3>Weitere Fähigkeiten und Erfahrungen</h3>
<ul>
<li>Ausbildung und Tätigkeit als Gruppenführer im Katastrophenschutz</li>
<li>Ausbildung zum Kriseninterventionshelfer (Psychosoziale Notfall­versorgung für Betroffene)</li>
<li>Ausbildung zum kollegialen Ansprechpartner (SbE-Peer, Psychosoziale Notfall­versorgung für Einsatzkräfte)</li>
<li>Einige Semester Studium der Soziologie, Politikwissenschaft und Philosophie an der TU Braunschweig</li>
<li>Ausbilder zum IT-Systemkaufmann</li>
</ul>


<p></p>

<p>Mehr beruflich ausgerichtet liste ich auf dieser Seite exemplarisch meine Erfahrungen, Kenntnisse und Fähigkeiten fachlich und thematisch gegliedert und alphabetisch sortiert auf: Arbeitsschutz und Gesundheitsschutz Ausbildungsstufe 3 der Fachkraft für Arbeitssicherheit für den öffentlichen Dienst (GUVH / LUKN) Fortbildung zum Gefahrstofbeauftragten bei der IAG in Dresden Seit Juni 2022 Sicherheitsingenieur / Fachkraft für Arbeitssicherheit für öffentliche Schulen und Studienseminare Mehr als sieben Jahre Tätigkeit als Sicherheitsingenieur / Fachkraft für Arbeitssicherheit im Bereich Gesundheitsdienst und Wohlfahrtspflege mit Betreuung von Bereichen der Behindertenhilfe der Pflege des Rettungsdienstes der Gastronomie der Industriefertigung der Werkstatttätigkeit des Handwerks der Verwaltung des Ehrenamtes Ausbildung zum Brandschutzbeauftragten</p>
<a class="more-link" rel="nofollow" href="https://www.rainer-elsner.de/?page_id=28">[mehr lesen...]</a>
