{"id":43,"date":"2014-05-08T09:37:47","date_gmt":"2014-05-08T07:37:47","guid":{"rendered":"http:\/\/www.rainer-elsner.de\/?page_id=43"},"modified":"2025-10-04T09:42:41","modified_gmt":"2025-10-04T07:42:41","slug":"vita","status":"publish","type":"page","link":"https:\/\/www.rainer-elsner.de\/?page_id=43","title":{"rendered":"Lebenswege"},"content":{"rendered":"<h1><img loading=\"lazy\" decoding=\"async\" class=\"alignright wp-image-450 size-medium\" src=\"https:\/\/www.rainer-elsner.de\/wp-content\/uploads\/2020\/06\/DSC_0103_Bild_RE_Xing-208x300.jpg\" alt=\"\" width=\"208\" height=\"300\" srcset=\"https:\/\/www.rainer-elsner.de\/wp-content\/uploads\/2020\/06\/DSC_0103_Bild_RE_Xing-208x300.jpg 208w, https:\/\/www.rainer-elsner.de\/wp-content\/uploads\/2020\/06\/DSC_0103_Bild_RE_Xing-712x1024.jpg 712w, https:\/\/www.rainer-elsner.de\/wp-content\/uploads\/2020\/06\/DSC_0103_Bild_RE_Xing-768x1105.jpg 768w, https:\/\/www.rainer-elsner.de\/wp-content\/uploads\/2020\/06\/DSC_0103_Bild_RE_Xing-1067x1536.jpg 1067w, https:\/\/www.rainer-elsner.de\/wp-content\/uploads\/2020\/06\/DSC_0103_Bild_RE_Xing.jpg 1075w\" sizes=\"auto, (max-width: 208px) 100vw, 208px\" \/><\/h1>\n<h3>Erfahrungshintergrund (Auswahl)<\/h3>\n<ul>\n<li>Beruflich\n<ul>\n<li>Seit 2022 Sicherheitsingenieur \/ Fachkraft f\u00fcr Arbeitssicherheit im \u00d6ffentlichen Dienst<\/li>\n<li>2015 bis 2022 Sicherheitsingenieur \/ Fachkraft f\u00fcr Arbeitssicherheit in einem Wohlfahrtsverband<\/li>\n<li>2021 bis 2022 Bildungsreferent im Bereich Energieeffizienz und Umweltschutz<\/li>\n<li>2015 bis 2022 Beratung und Organisation in den Bereichen Arbeitsschutz, Technik und Umwelt in einem Wohlfahrtsverband<\/li>\n<li>2020 bis 2021 Teamleiter eines 24\/7-Hilfeleistungsdienste (Hausnotruf)<\/li>\n<li>2017 bis 2020 Prokurist eines Inklusionsunternehmens (gemeinn\u00fctzige GmbH)<\/li>\n<li>2015 bis 2016 Technischer Leiter eines Inklusionsunternehmens (gemeinn\u00fctzige GmbH)<\/li>\n<li>2011 bis 2015 Mitgr\u00fcnder und gesch\u00e4ftsf\u00fchrender Gesellschafter eines Unternehmens im Bereich Erneuerbare Energiegewinnung im Garten- und Landschaftsbau<\/li>\n<li>Mehr als elf Jahre in einem IT-Unternehmen t\u00e4tig, u. a. als Vertriebsmanager, stelv. Gesch\u00e4ftsf\u00fchrer u. Ausbilder<\/li>\n<li>Freiberufliche T\u00e4tigkeit als Dozent in der Erwachsenenbildung (IT \/ EDV, Umweltschutz, Politik)<\/li>\n<li>Selbst\u00e4ndig mit einem Text- und Layoutservice<\/li>\n<li>Arbeit im Umweltpolitischen Bereich, u. a. in der \u00d6ffentlichkeitsarbeit und der Veranstaltungsorganisation<\/li>\n<li>Studium der Soziologie, Politikwissenschaft und Philosophie an der Technischen Universit\u00e4t Braunschweig<\/li>\n<li>Diplom-Ingenieur (FH) der Versorgungstechnik<\/li>\n<li>Studium der Versorgungstechnik mit der Vertiefung Umwelt- und Hygienetechnik an der Fachhochschule Braunschweig\/Wolfenb\u00fcttel (heute Ostfalia Hochschule f\u00fcr angewandte Wissenschaften)<\/li>\n<li>Ausbildung zum Reserveoffizier der Instandsetzungstruppe<\/li>\n<li>&#8230;<\/li>\n<\/ul>\n<\/li>\n<li>Sonstiges \/ Ehrenamt\n<ul>\n<li>F\u00fchrungsfunktionen und weitere Aufgaben im Katastrophenschutz einer humanit\u00e4ren Hilfeleistungsorganisation<\/li>\n<li>einige Jahre ehrenamtlich in der Kommunalpolitik t\u00e4tig<\/li>\n<li>einige Jahre im erweiterten Vorstand eines Sportvereins t\u00e4tig (verantwortlich f\u00fcr eine Liegenschaft und f\u00fcr Energie und Umweltschutz)<\/li>\n<li>Betreiber des Internet-Magazins <a href=\"http:\/\/www.ostfalen-spiegel.de\/\" target=\"_blank\" rel=\"noopener noreferrer\">Ostfalen-Spiegel<\/a><\/li>\n<li>einige Jahre im Vorstand und als Mitarbeiter eines regionalen Umweltverbandes t\u00e4tig<\/li>\n<li>Redakteur und Mitherausgeber der Studierendenzeitschrift FACHBLATT an der Fachhochschule Braunschweig\/Wolfenb\u00fcttel<\/li>\n<li>Mitglied in der studentischen Selbst- und Mitverwaltung der Fachhochschule Braunschweig\/Wolfenb\u00fcttel<\/li>\n<li>&#8230;<\/li>\n<\/ul>\n<\/li>\n<\/ul>\n<h3>Ver\u00f6ffentlichungen:<\/h3>\n<ul>\n<li>Elsner, Rainer: <a href=\"https:\/\/www.rainer-elsner.de\/wp-content\/uploads\/2021\/11\/OekoLF_ElsnerFHBSWFHRX.pdf\"><em>\u00d6kologie in Lehre und Forschung<\/em><em>.<\/em><\/a> Hochschulreihe Band X. Wolfenb\u00fcttel: Fachhochschule Braunschweig\/Wolfenb\u00fcttel, 1994.<\/li>\n<li>&#8230;<\/li>\n<li>Zahlreiche Artikel und Aufs\u00e4tze in Hochschulzeitschriften, Mitgliederzeitschriften, Internetseiten, Internet-Blogs, &#8230;<\/li>\n<\/ul>\n<h3>Freizeit<\/h3>\n<ul>\n<li>Wandern<\/li>\n<li>Lesen<\/li>\n<li>Fahrrad<\/li>\n<li>Skilanglauf<\/li>\n<\/ul>\n<blockquote>\n<p style=\"text-align: center;\">\u201eIhr folget falscher Spur,<br \/>\nDenkt nicht wir scherzen!<br \/>\nIst nicht der Kern der Natur<br \/>\nMenschen im Herzen?\u201c<\/p>\n<p style=\"text-align: right;\"><em>Johann Wolfgang von Goethe<\/em><\/p>\n<\/blockquote>\n","protected":false},"excerpt":{"rendered":"<p>Erfahrungshintergrund (Auswahl) Beruflich Seit 2022 Sicherheitsingenieur \/ Fachkraft f\u00fcr Arbeitssicherheit im \u00d6ffentlichen Dienst 2015 bis 2022 Sicherheitsingenieur \/ Fachkraft f\u00fcr Arbeitssicherheit in einem Wohlfahrtsverband 2021 bis 2022 Bildungsreferent im Bereich Energieeffizienz und Umweltschutz 2015 bis 2022 Beratung und Organisation in den Bereichen Arbeitsschutz, Technik und Umwelt in einem Wohlfahrtsverband 2020 bis 2021 Teamleiter eines 24\/7-Hilfeleistungsdienste (Hausnotruf) 2017 bis 2020 Prokurist eines Inklusionsunternehmens (gemeinn\u00fctzige GmbH) 2015 bis 2016 Technischer Leiter eines Inklusionsunternehmens (gemeinn\u00fctzige GmbH) 2011 bis 2015 Mitgr\u00fcnder und gesch\u00e4ftsf\u00fchrender Gesellschafter eines Unternehmens im Bereich Erneuerbare Energiegewinnung im Garten- und Landschaftsbau Mehr als elf Jahre in einem IT-Unternehmen t\u00e4tig, u. a.<\/p>\n<a class=\"more-link\" rel=\"nofollow\" href=\"https:\/\/www.rainer-elsner.de\/?page_id=43\">[mehr lesen...]<\/a>","protected":false},"author":2,"featured_media":0,"parent":0,"menu_order":2,"comment_status":"closed","ping_status":"closed","template":"","meta":{"footnotes":""},"class_list":["post-43","page","type-page","status-publish","hentry"],"_links":{"self":[{"href":"https:\/\/www.rainer-elsner.de\/index.php?rest_route=\/wp\/v2\/pages\/43","targetHints":{"allow":["GET"]}}],"collection":[{"href":"https:\/\/www.rainer-elsner.de\/index.php?rest_route=\/wp\/v2\/pages"}],"about":[{"href":"https:\/\/www.rainer-elsner.de\/index.php?rest_route=\/wp\/v2\/types\/page"}],"author":[{"embeddable":true,"href":"https:\/\/www.rainer-elsner.de\/index.php?rest_route=\/wp\/v2\/users\/2"}],"replies":[{"embeddable":true,"href":"https:\/\/www.rainer-elsner.de\/index.php?rest_route=%2Fwp%2Fv2%2Fcomments&post=43"}],"version-history":[{"count":50,"href":"https:\/\/www.rainer-elsner.de\/index.php?rest_route=\/wp\/v2\/pages\/43\/revisions"}],"predecessor-version":[{"id":580,"href":"https:\/\/www.rainer-elsner.de\/index.php?rest_route=\/wp\/v2\/pages\/43\/revisions\/580"}],"wp:attachment":[{"href":"https:\/\/www.rainer-elsner.de\/index.php?rest_route=%2Fwp%2Fv2%2Fmedia&parent=43"}],"curies":[{"name":"wp","href":"https:\/\/api.w.org\/{rel}","templated":true}]}}

<h1><img loading="lazy" decoding="async" class="alignright wp-image-450 size-medium" src="https://www.rainer-elsner.de/wp-content/uploads/2020/06/DSC_0103_Bild_RE_Xing-208x300.jpg" alt="" width="208" height="300" srcset="https://www.rainer-elsner.de/wp-content/uploads/2020/06/DSC_0103_Bild_RE_Xing-208x300.jpg 208w, https://www.rainer-elsner.de/wp-content/uploads/2020/06/DSC_0103_Bild_RE_Xing-712x1024.jpg 712w, https://www.rainer-elsner.de/wp-content/uploads/2020/06/DSC_0103_Bild_RE_Xing-768x1105.jpg 768w, https://www.rainer-elsner.de/wp-content/uploads/2020/06/DSC_0103_Bild_RE_Xing-1067x1536.jpg 1067w, https://www.rainer-elsner.de/wp-content/uploads/2020/06/DSC_0103_Bild_RE_Xing.jpg 1075w" sizes="auto, (max-width: 208px) 100vw, 208px" /></h1>
<h3>Erfahrungshintergrund (Auswahl)</h3>
<ul>
<li>Beruflich
<ul>
<li>Seit 2022 Sicherheitsingenieur / Fachkraft für Arbeitssicherheit im Öffentlichen Dienst</li>
<li>2015 bis 2022 Sicherheitsingenieur / Fachkraft für Arbeitssicherheit in einem Wohlfahrtsverband</li>
<li>2021 bis 2022 Bildungsreferent im Bereich Energieeffizienz und Umweltschutz</li>
<li>2015 bis 2022 Beratung und Organisation in den Bereichen Arbeitsschutz, Technik und Umwelt in einem Wohlfahrtsverband</li>
<li>2020 bis 2021 Teamleiter eines 24/7-Hilfeleistungsdienste (Hausnotruf)</li>
<li>2017 bis 2020 Prokurist eines Inklusionsunternehmens (gemeinnützige GmbH)</li>
<li>2015 bis 2016 Technischer Leiter eines Inklusionsunternehmens (gemeinnützige GmbH)</li>
<li>2011 bis 2015 Mitgründer und geschäftsführender Gesellschafter eines Unternehmens im Bereich Erneuerbare Energiegewinnung im Garten- und Landschaftsbau</li>
<li>Mehr als elf Jahre in einem IT-Unternehmen tätig, u. a. als Vertriebsmanager, stelv. Geschäftsführer u. Ausbilder</li>
<li>Freiberufliche Tätigkeit als Dozent in der Erwachsenenbildung (IT / EDV, Umweltschutz, Politik)</li>
<li>Selbständig mit einem Text- und Layoutservice</li>
<li>Arbeit im Umweltpolitischen Bereich, u. a. in der Öffentlichkeitsarbeit und der Veranstaltungsorganisation</li>
<li>Studium der Soziologie, Politikwissenschaft und Philosophie an der Technischen Universität Braunschweig</li>
<li>Diplom-Ingenieur (FH) der Versorgungstechnik</li>
<li>Studium der Versorgungstechnik mit der Vertiefung Umwelt- und Hygienetechnik an der Fachhochschule Braunschweig/Wolfenbüttel (heute Ostfalia Hochschule für angewandte Wissenschaften)</li>
<li>Ausbildung zum Reserveoffizier der Instandsetzungstruppe</li>
<li>&#8230;</li>
</ul>
</li>
<li>Sonstiges / Ehrenamt
<ul>
<li>Führungsfunktionen und weitere Aufgaben im Katastrophenschutz einer humanitären Hilfeleistungsorganisation</li>
<li>einige Jahre ehrenamtlich in der Kommunalpolitik tätig</li>
<li>einige Jahre im erweiterten Vorstand eines Sportvereins tätig (verantwortlich für eine Liegenschaft und für Energie und Umweltschutz)</li>
<li>Betreiber des Internet-Magazins <a href="http://www.ostfalen-spiegel.de/" target="_blank" rel="noopener noreferrer">Ostfalen-Spiegel</a></li>
<li>einige Jahre im Vorstand und als Mitarbeiter eines regionalen Umweltverbandes tätig</li>
<li>Redakteur und Mitherausgeber der Studierendenzeitschrift FACHBLATT an der Fachhochschule Braunschweig/Wolfenbüttel</li>
<li>Mitglied in der studentischen Selbst- und Mitverwaltung der Fachhochschule Braunschweig/Wolfenbüttel</li>
<li>&#8230;</li>
</ul>
</li>
</ul>
<h3>Veröffentlichungen:</h3>
<ul>
<li>Elsner, Rainer: <a href="https://www.rainer-elsner.de/wp-content/uploads/2021/11/OekoLF_ElsnerFHBSWFHRX.pdf"><em>Ökologie in Lehre und Forschung</em><em>.</em></a> Hochschulreihe Band X. Wolfenbüttel: Fachhochschule Braunschweig/Wolfenbüttel, 1994.</li>
<li>&#8230;</li>
<li>Zahlreiche Artikel und Aufsätze in Hochschulzeitschriften, Mitgliederzeitschriften, Internetseiten, Internet-Blogs, &#8230;</li>
</ul>
<h3>Freizeit</h3>
<ul>
<li>Wandern</li>
<li>Lesen</li>
<li>Fahrrad</li>
<li>Skilanglauf</li>
</ul>
<blockquote>
<p style="text-align: center;">„Ihr folget falscher Spur,<br />
Denkt nicht wir scherzen!<br />
Ist nicht der Kern der Natur<br />
Menschen im Herzen?“</p>
<p style="text-align: right;"><em>Johann Wolfgang von Goethe</em></p>
</blockquote>

<p>Erfahrungshintergrund (Auswahl) Beruflich Seit 2022 Sicherheitsingenieur / Fachkraft für Arbeitssicherheit im Öffentlichen Dienst 2015 bis 2022 Sicherheitsingenieur / Fachkraft für Arbeitssicherheit in einem Wohlfahrtsverband 2021 bis 2022 Bildungsreferent im Bereich Energieeffizienz und Umweltschutz 2015 bis 2022 Beratung und Organisation in den Bereichen Arbeitsschutz, Technik und Umwelt in einem Wohlfahrtsverband 2020 bis 2021 Teamleiter eines 24/7-Hilfeleistungsdienste (Hausnotruf) 2017 bis 2020 Prokurist eines Inklusionsunternehmens (gemeinnützige GmbH) 2015 bis 2016 Technischer Leiter eines Inklusionsunternehmens (gemeinnützige GmbH) 2011 bis 2015 Mitgründer und geschäftsführender Gesellschafter eines Unternehmens im Bereich Erneuerbare Energiegewinnung im Garten- und Landschaftsbau Mehr als elf Jahre in einem IT-Unternehmen tätig, u. a.</p>
<a class="more-link" rel="nofollow" href="https://www.rainer-elsner.de/?page_id=43">[mehr lesen...]</a>
